at is the thousands digit of q?
5
Let c = -164 + 568. Suppose 296 + c = 5*j. What is the tens digit of j?
4
Let y = 210013 + -148879. What is the units digit of y?
4
Let k be ((-24)/10)/((-2)/(-10))*-2. Let u be -2 + 1 + 92*6/k. Suppose 20*d = u*d - 216. What is the tens digit of d?
0
Let b = 426 - 420. Suppose -7784 = -10*q + b*q. What is the units digit of q?
6
Let n = -4441 + 10171. Suppose -666 + 2970 = 2*s - 4*d, 0 = 5*s - 4*d - n. What is the thousands digit of s?
1
Suppose -z = 3*v - 3, 0*v - 2 = 5*v + 4*z. Let q be 1838 - (v/6)/(15/(-90)). Suppose -13*f + q = -5*f. What is the units digit of f?
0
Let c(i) = -3*i**3 - 19*i**2 - 4*i + 17. Let k be c(-13). What is the units digit of (-4)/18 + k/9?
3
Suppose 506*i - 28830 = 504*i. What is the hundreds digit of i?
4
Suppose 2*r + 5 = -19. Let w(h) = -3*h - 36. Let m be w(r). Let b = m - -6. What is the units digit of b?
6
Let a(r) = -r**3 + 10*r**2 - 2*r - 6. Let p be a(7). Let h(c) = 4*c - 62. Let u be h(23). Suppose f - 4*v = u, -v - p + 32 = -2*f. What is the tens digit of f?
5
Let p be (0 - 0) + (2 - -4). Suppose 12*c - 24 = p*c. Suppose t - 4*m - 750 = -4*t, 0 = -3*t + c*m + 450. What is the hundreds digit of t?
1
Let l = 869 - -1171. What is the tens digit of l?
4
Suppose -4*z + 3*j = -43, 0 = -4*z - 5*j + 21 + 14. Let x(g) = g**2 + 14*g - 19. Let b be x(-15). What is the tens digit of (4/z)/(b/(-520) - 0)?
5
Suppose 4*h = 134 + 82. Let r(q) = 2*q**3 + 22*q**2 + 43*q - 14. Let k be r(-7). Let s = k - h. What is the tens digit of s?
2
Let q(x) = 3*x**2 - x. Let o be q(1). Suppose -3*c = -5*f + 762, 2*c + 11 = 3. Suppose o*b - f = -0*b. What is the tens digit of b?
7
Let h(v) = 1090*v**3 - 52*v**2 - 24*v + 12. What is the units digit of h(4)?
4
Let g(x) = x**3 - 10*x**2 + 11*x - 11. Let y = 24 - 17. Let b be y - -2 - (-1 - 0/2). What is the units digit of g(b)?
9
Suppose 5*d = s + 130384, 128265 = 4*d + 2*s + 23955. What is the units digit of d?
7
What is the hundreds digit of -2*(-21)/(-6)*2193/(-238)*52?
3
Let b(l) = -l**3 - l**2 + l - 1. Let t(x) = -3*x**3 + 16*x**2 - 16*x - 27. Let y(i) = 2*b(i) - t(i). What is the tens digit of y(18)?
4
Let y = 20699 - -28012. What is the tens digit of y?
1
What is the hundreds digit of 3590 - 2/(7 - 9)*1?
5
Suppose -72105 + 405126 = 39*m. What is the tens digit of m?
3
Suppose -4*x + z - 3*z + 9224 = 0, -3*x - 4*z + 6903 = 0. What is the thousands digit of x?
2
Suppose 34*d + 44 = 32*d. Let u = 86 - d. Suppose -h + u = 2*h. What is the tens digit of h?
3
Suppose -13*f - 301600 = -25*f - 20*f. What is the units digit of f?
5
What is the tens digit of (-20948)/(-28) + 1/(-7)?
4
Let q(h) = 104*h + 49. Let k be q(8). Let g = -480 + k. What is the units digit of g?
1
Let d(r) = 2*r**2 - 6*r + 14. Let x be d(6). Let z = 304 - x. Suppose o = -0*o - 3*g + 67, -5*g + z = 4*o. What is the tens digit of o?
6
Let b(j) = 21*j + 1. Let x be b(6). Suppose 471 - x = 4*f. Suppose f = -u + 2*u. What is the units digit of u?
6
Let h(w) = 8*w**2 + 375*w - 35. What is the tens digit of h(-56)?
5
Suppose -149 = 3*u + 52. Let y = 74 + u. What is the hundreds digit of (-684)/(-5) - y/(-35)?
1
Let c be 5/(-1) + 35/5. What is the tens digit of ((-17457)/6)/(-11) - (-3)/c?
6
Let i(r) = -11*r - 15. Suppose -n - 4*o + 1 = 0, 4*n + 2*o + 2*o + 20 = 0. Let l be i(n). Let f = l + 5. What is the tens digit of f?
6
Suppose -d - 89 = 887. Suppose 109 = 15*m - 116. What is the hundreds digit of m*((-10)/(-65) + d/(-78))?
1
Let s(l) = -6*l + 2509. What is the tens digit of s(51)?
0
Let a be (0 + 1 + 1)*-6*3. Let o be (-1)/6 + -1011*2/a. Let b = 94 - o. What is the units digit of b?
8
Suppose -13*x = 15*x + 36*x - 988352. What is the tens digit of x?
4
Let l = 67 - 81. Let y be (-1)/(-2) - 63/l. Suppose 3*c - 36 = -3*z + 2*z, z = y*c + 12. What is the units digit of z?
7
Let t(u) = 21*u - 5. Let g = -40 + 51. Let i(f) = 4*f - 41. Let w be i(g). What is the units digit of t(w)?
8
Let o(s) = s**3 + 18*s**2 + 11*s - 34. Let d = -236 - -220. What is the hundreds digit of o(d)?
3
Let p = 33411 - 22334. What is the hundreds digit of p?
0
Suppose 137837 = 5*a + 6*r, 4*r = a + 5980 - 33537. What is the hundreds digit of a?
5
Let w(p) = 7*p + 33. Let o = 267 - 267. What is the tens digit of w(o)?
3
Suppose 0 = -2*j - 2*h + 4390, -4*j = j - 4*h - 10966. Let p = j - 428. What is the units digit of p?
6
Let w = 14258 + -3985. What is the tens digit of w?
7
What is the hundreds digit of (-18066)/(-8) - (-4)/(256/(-16))?
2
Suppose 0 = 2*p - 3*i - 1741, -10*p + 5*i = -11*p + 851. Suppose 3*s - p + 194 = 0. What is the hundreds digit of s?
2
Let z be (6 - 2) + -20 + 1. Let a be 3*((-200)/z)/8. Suppose -a*k + 244 + 106 = 0. What is the tens digit of k?
7
Suppose -p = -k - k - 12, 2*p + 16 = -4*k. Suppose 0 = -p*q - 2*m + 914, 2*m + 0 - 6 = 0. What is the tens digit of q?
5
Let a(m) = -m**2 + 38*m - 152. Let t be a(37). Let r = 394 + t. What is the tens digit of r?
7
Let h(s) = -22*s + 50. Let i be h(-27). Let p = -432 + i. What is the tens digit of p?
1
What is the tens digit of 0 + (-11846)/(-2) - 664/166?
1
Let v(p) = -p**2 - 21*p - 9. Let b be v(-20). Suppose -4 = -5*l + 3*l. What is the units digit of (b - -1)*1/l?
6
Let n = 103234 - 46804. What is the ten thousands digit of n?
5
Let j be (0 + -4)*1 + 8*1. Suppose j*l + 3*l - 2485 = 0. What is the hundreds digit of l?
3
What is the hundreds digit of -16*(-9)/2376 - 1547203/(-33)?
8
Suppose -938*d + 855*d + 2596175 = 652232. What is the units digit of d?
1
Let v(x) = x**3 + x - 10 - 3 + 11 + 12*x**2 - 3*x. What is the units digit of v(-6)?
6
Suppose 4061 = -4*w - 7587. What is the hundreds digit of (30/4)/((-84)/w)?
2
Let a = 15971 - 8173. What is the hundreds digit of a?
7
Suppose 3*b + i = -0*b + 211, -195 = -3*b + 3*i. Let h be 3 + (8 - 8)/(1/(-1)). Suppose b = h*m - 0. What is the tens digit of m?
2
Suppose -124*o + 826193 = -777747. What is the hundreds digit of o?
9
Let v = -20 + 28. Suppose -23*g - 40 = -25*g. What is the tens digit of ((-55)/g - 5)/((-1)/v)?
6
Let u be (10/(-15)*-15 + 0)/(-2). What is the tens digit of (-1)/((-7164)/(-1434) + u)?
3
Suppose 168*r + 267123 = 6*o + 169*r, 5*r - 89055 = -2*o. What is the hundreds digit of o?
5
Suppose -1621*q - 35829 = -1630*q. What is the tens digit of q?
8
Let a(y) = -25*y - 59. Let u be a(-15). Let t = 436 - u. What is the tens digit of t?
2
Let g(t) = -t**2 - 13*t + 3. Let m be g(-13). Suppose u = 2*u - m. Suppose 35 - 13 = j + u*r, -3*r = -5*j + 20. What is the units digit of j?
7
Let q(k) = 989*k**2 + 11*k + 9. Let l(u) = -988*u**2 - 12*u - 10. Let z(o) = 4*l(o) + 5*q(o). What is the tens digit of z(-1)?
9
Suppose 5*c = -3*f + 10, 4*f + 15 = -0*c - c. Let b(t) = -52*t - 10. What is the hundreds digit of b(f)?
2
Let a(k) = 2*k**3 - 465*k + 8*k**2 - k**3 + 19 + 457*k. Let c be a(-9). Suppose 781 - 2421 = -c*t. What is the hundreds digit of t?
1
Let p(o) = 41*o**2 - 7*o + 33. Suppose 8*b - 25 = 3*b, -3*k + 3*b = 6. What is the tens digit of p(k)?
8
Let h(t) = 938*t - 870. What is the tens digit of h(5)?
2
Let t = -2305 - -2311. Let y = -28 - -16. What is the units digit of y/(-3) - t - -59?
7
Let t = 2535 + -1423. Let v = -663 + t. What is the hundreds digit of v?
4
Let s = 3587 + 7127. What is the thousands digit of s?
0
What is the tens digit of ((-20782)/(-38) + (-46)/(-437))/((-2)/(-18))?
2
Suppose 7*f - 55 = -34. Suppose 425 = -0*x + x - f*r, 5*x - 2144 = -4*r. What is the tens digit of x?
2
Suppose -3*r - 773 = 4*r - 16915. What is the hundreds digit of r?
3
Let s = 260 + -382. Let h = 371 + s. What is the units digit of h?
9
Suppose 254 = -4*u + 22. Suppose 30*s = -88*s + 9912. Let w = u + s. What is the tens digit of w?
2
Let y = 258 + 106. Let k = 448 - y. What is the units digit of k?
4
Let u(h) = 8596*h + 24. What is the ten thousands digit of u(2)?
1
Suppose -a - 48119 = -24*a + 544545. What is the units digit of a?
8
Let r(l) = 47*l + 33. Let s(j) = -237*j - 166. Let u(q) = -11*r(q) - 2*s(q). What is the units digit of u(-9)?
6
Suppose 0 = -o + 2*o - 7. Suppose 5*v - 1018 = -3*a, o + 8 = 3*v. Suppose 3*g + a = 4*j - 223, -675 = -5*j - 5*g. What is the hundreds digit of j?
1
Let c(a) = 35*a**3 - a**2 - a. Let f = -21 + 20. Let n be c(f). Let m = 96 + n. What is the units dig